{"id":3486,"date":"2020-10-26T17:37:25","date_gmt":"2020-10-26T17:37:25","guid":{"rendered":"https:\/\/cartoriolisboa.pt\/reducao-de-capital\/"},"modified":"2025-04-02T11:03:18","modified_gmt":"2025-04-02T11:03:18","slug":"reduction-de-capital","status":"publish","type":"page","link":"https:\/\/cartoriolisboa.pt\/fr\/reduction-de-capital\/","title":{"rendered":"R\u00e9duction de capital"},"content":{"rendered":"\n<style type=\"text\/css\" data-created_by=\"avia_inline_auto\" id=\"style-css-av-k8ruodqu-d1fd6cf499fad59bc3c2848a2fd49f00\">\n.avia-section.av-k8ruodqu-d1fd6cf499fad59bc3c2848a2fd49f00{\nbackground-repeat:no-repeat;\nbackground-image:url(https:\/\/cartoriolisboa.pt\/wp-content\/uploads\/Reducao-capital.jpg);\nbackground-position:50% 50%;\nbackground-attachment:scroll;\n}\n.avia-section.av-k8ruodqu-d1fd6cf499fad59bc3c2848a2fd49f00 .av-section-color-overlay{\nopacity:0.6;\nbackground-color:#000000;\n}\n<\/style>\n<div id='av_section_1'  class='avia-section av-k8ruodqu-d1fd6cf499fad59bc3c2848a2fd49f00 main_color avia-section-default avia-no-border-styling  avia-builder-el-0  el_before_av_section  avia-builder-el-first  avia-full-stretch avia-bg-style-scroll av-section-color-overlay-active av-minimum-height av-minimum-height-50 av-height-50  container_wrap fullsize'  data-section-bg-repeat='stretch' data-av_minimum_height_pc='50' data-av_min_height_opt='50'><div class=\"av-section-color-overlay-wrap\"><div class=\"av-section-color-overlay\"><\/div><div class='container av-section-cont-open' ><main  role=\"main\" itemprop=\"mainContentOfPage\"  class='template-page content  av-content-full alpha units'><div class='post-entry post-entry-type-page post-entry-3486'><div class='entry-content-wrapper clearfix'>\n\n<style type=\"text\/css\" data-created_by=\"avia_inline_auto\" id=\"style-css-av-9y58g-4295478a3b574252eb8591318fd7ac57\">\n#top .av-special-heading.av-9y58g-4295478a3b574252eb8591318fd7ac57{\nmargin:25px 0 0 0;\npadding-bottom:0;\ncolor:#ffffff;\nfont-size:55px;\n}\nbody .av-special-heading.av-9y58g-4295478a3b574252eb8591318fd7ac57 .av-special-heading-tag .heading-char{\nfont-size:25px;\n}\n#top #wrap_all .av-special-heading.av-9y58g-4295478a3b574252eb8591318fd7ac57 .av-special-heading-tag{\nfont-size:55px;\n}\n.av-special-heading.av-9y58g-4295478a3b574252eb8591318fd7ac57 .special-heading-inner-border{\nborder-color:#ffffff;\n}\n.av-special-heading.av-9y58g-4295478a3b574252eb8591318fd7ac57 .av-subheading{\nfont-size:15px;\n}\n\n@media only screen and (min-width: 480px) and (max-width: 767px){ \n#top #wrap_all .av-special-heading.av-9y58g-4295478a3b574252eb8591318fd7ac57 .av-special-heading-tag{\nfont-size:0.8em;\n}\n}\n\n@media only screen and (max-width: 479px){ \n#top #wrap_all .av-special-heading.av-9y58g-4295478a3b574252eb8591318fd7ac57 .av-special-heading-tag{\nfont-size:0.8em;\n}\n}\n<\/style>\n<div  class='av-special-heading av-9y58g-4295478a3b574252eb8591318fd7ac57 av-special-heading-h1 custom-color-heading blockquote modern-quote modern-centered  avia-builder-el-1  avia-builder-el-no-sibling  av-inherit-size av-linked-heading'><h1 class='av-special-heading-tag '  itemprop=\"headline\"  >R\u00e9duction de capital<\/h1><div class=\"special-heading-border\"><div class=\"special-heading-inner-border\"><\/div><\/div><\/div>\n<\/div><\/div><\/main><!-- close content main element --><\/div><\/div><\/div><div id='av_section_2'  class='avia-section av-10d9s-f6565325238af4a09c5b7410547e13b2 main_color avia-section-default avia-no-border-styling  avia-builder-el-2  el_after_av_section  avia-builder-el-last  avia-bg-style-scroll container_wrap fullsize'  ><div class='container av-section-cont-open' ><div class='template-page content  av-content-full alpha units'><div class='post-entry post-entry-type-page post-entry-3486'><div class='entry-content-wrapper clearfix'>\n<section  class='av_textblock_section av-k8rujvj4-605bbaf9ebba3e483b26959086d4676f '   itemscope=\"itemscope\" itemtype=\"https:\/\/schema.org\/CreativeWork\" ><div class='avia_textblock'  itemprop=\"text\" ><p style=\"text-align: center;\">Changement des statuts de la soci\u00e9t\u00e9, d\u00e9cid\u00e9 par les associ\u00e9s, dans le but g\u00e9n\u00e9ral de couvrir les pertes ou de d\u00e9gager des exc\u00e9dents de capital, ce qui peut \u00eatre fait par r\u00e9duction de la valeur nominale des participations, regroupement ou extinction des participations.<\/p>\n<p style=\"text-align: center;\">L\u2019\u00c9tude Notariale Jo\u00e3o Maia Rodrigues et Diovana Barbieri est pr\u00eate \u00e0 vous aider lors de cette d\u00e9marche.<\/p>\n<\/div><\/section>\n<\/p>\n","protected":false},"excerpt":{"rendered":"","protected":false},"author":1,"featured_media":0,"parent":0,"menu_order":2,"comment_status":"closed","ping_status":"closed","template":"","meta":{"footnotes":""},"class_list":["post-3486","page","type-page","status-publish","hentry"],"yoast_head":"<!-- This site is optimized with the Yoast SEO plugin v27.4 - https:\/\/yoast.com\/product\/yoast-seo-wordpress\/ -->\n<title>R\u00e9duction de capital | Jo\u00e3o Maia Rodrigues<\/title>\n<meta name=\"description\" content=\"Changement des statuts de la soci\u00e9t\u00e9, d\u00e9cid\u00e9 par les associ\u00e9s, dans le but g\u00e9n\u00e9ral de couvrir les pertes ou de d\u00e9gager des exc\u00e9dents de capital, ce qui peut \u00eatre fait par r\u00e9duction de la valeur nominale des participations, regroupement ou extinction des participations.\" \/>\n<meta name=\"robots\" content=\"index, follow, max-snippet:-1, max-image-preview:large, max-video-preview:-1\" \/>\n<link rel=\"canonical\" href=\"https:\/\/cartoriolisboa.pt\/fr\/reduction-de-capital\/\" \/>\n<meta property=\"og:locale\" content=\"fr_FR\" \/>\n<meta property=\"og:type\" content=\"article\" \/>\n<meta property=\"og:title\" content=\"R\u00e9duction de capital | Jo\u00e3o Maia Rodrigues\" \/>\n<meta property=\"og:description\" content=\"Changement des statuts de la soci\u00e9t\u00e9, d\u00e9cid\u00e9 par les associ\u00e9s, dans le but g\u00e9n\u00e9ral de couvrir les pertes ou de d\u00e9gager des exc\u00e9dents de capital, ce qui peut \u00eatre fait par r\u00e9duction de la valeur nominale des participations, regroupement ou extinction des participations.\" \/>\n<meta property=\"og:url\" content=\"https:\/\/cartoriolisboa.pt\/fr\/reduction-de-capital\/\" \/>\n<meta property=\"og:site_name\" content=\"Jo\u00e3o Maia Rodrigues\" \/>\n<meta property=\"article:publisher\" content=\"https:\/\/www.facebook.com\/diovana.barbieri\" \/>\n<meta property=\"article:modified_time\" content=\"2025-04-02T11:03:18+00:00\" \/>\n<meta name=\"twitter:card\" content=\"summary_large_image\" \/>\n<meta name=\"twitter:label1\" content=\"Dur\u00e9e de lecture estim\u00e9e\" \/>\n\t<meta name=\"twitter:data1\" content=\"1 minute\" \/>\n<script type=\"application\/ld+json\" class=\"yoast-schema-graph\">{\"@context\":\"https:\\\/\\\/schema.org\",\"@graph\":[{\"@type\":\"WebPage\",\"@id\":\"https:\\\/\\\/cartoriolisboa.pt\\\/fr\\\/reduction-de-capital\\\/\",\"url\":\"https:\\\/\\\/cartoriolisboa.pt\\\/fr\\\/reduction-de-capital\\\/\",\"name\":\"R\u00e9duction de capital | Jo\u00e3o Maia Rodrigues\",\"isPartOf\":{\"@id\":\"https:\\\/\\\/cartoriolisboa.pt\\\/fr\\\/#website\"},\"datePublished\":\"2020-10-26T17:37:25+00:00\",\"dateModified\":\"2025-04-02T11:03:18+00:00\",\"description\":\"Changement des statuts de la soci\u00e9t\u00e9, d\u00e9cid\u00e9 par les associ\u00e9s, dans le but g\u00e9n\u00e9ral de couvrir les pertes ou de d\u00e9gager des exc\u00e9dents de capital, ce qui peut \u00eatre fait par r\u00e9duction de la valeur nominale des participations, regroupement ou extinction des participations.\",\"breadcrumb\":{\"@id\":\"https:\\\/\\\/cartoriolisboa.pt\\\/fr\\\/reduction-de-capital\\\/#breadcrumb\"},\"inLanguage\":\"fr-FR\",\"potentialAction\":[{\"@type\":\"ReadAction\",\"target\":[\"https:\\\/\\\/cartoriolisboa.pt\\\/fr\\\/reduction-de-capital\\\/\"]}]},{\"@type\":\"BreadcrumbList\",\"@id\":\"https:\\\/\\\/cartoriolisboa.pt\\\/fr\\\/reduction-de-capital\\\/#breadcrumb\",\"itemListElement\":[{\"@type\":\"ListItem\",\"position\":1,\"name\":\"In\u00edcio\",\"item\":\"https:\\\/\\\/cartoriolisboa.pt\\\/fr\\\/home\\\/\"},{\"@type\":\"ListItem\",\"position\":2,\"name\":\"R\u00e9duction de capital\"}]},{\"@type\":\"WebSite\",\"@id\":\"https:\\\/\\\/cartoriolisboa.pt\\\/fr\\\/#website\",\"url\":\"https:\\\/\\\/cartoriolisboa.pt\\\/fr\\\/\",\"name\":\"Diovana Barbieri\",\"description\":\"Cart\u00f3rio Notarial\",\"publisher\":{\"@id\":\"https:\\\/\\\/cartoriolisboa.pt\\\/fr\\\/#organization\"},\"potentialAction\":[{\"@type\":\"SearchAction\",\"target\":{\"@type\":\"EntryPoint\",\"urlTemplate\":\"https:\\\/\\\/cartoriolisboa.pt\\\/fr\\\/?s={search_term_string}\"},\"query-input\":{\"@type\":\"PropertyValueSpecification\",\"valueRequired\":true,\"valueName\":\"search_term_string\"}}],\"inLanguage\":\"fr-FR\"},{\"@type\":\"Organization\",\"@id\":\"https:\\\/\\\/cartoriolisboa.pt\\\/fr\\\/#organization\",\"name\":\"Diovana Barbieri\",\"url\":\"https:\\\/\\\/cartoriolisboa.pt\\\/fr\\\/\",\"logo\":{\"@type\":\"ImageObject\",\"inLanguage\":\"fr-FR\",\"@id\":\"https:\\\/\\\/cartoriolisboa.pt\\\/fr\\\/#\\\/schema\\\/logo\\\/image\\\/\",\"url\":\"\",\"contentUrl\":\"\",\"caption\":\"Diovana Barbieri\"},\"image\":{\"@id\":\"https:\\\/\\\/cartoriolisboa.pt\\\/fr\\\/#\\\/schema\\\/logo\\\/image\\\/\"},\"sameAs\":[\"https:\\\/\\\/www.facebook.com\\\/diovana.barbieri\",\"https:\\\/\\\/pt.linkedin.com\\\/in\\\/diovana-barbieri-95741717\"]}]}<\/script>\n<!-- \/ Yoast SEO plugin. -->","yoast_head_json":{"title":"R\u00e9duction de capital | Jo\u00e3o Maia Rodrigues","description":"Changement des statuts de la soci\u00e9t\u00e9, d\u00e9cid\u00e9 par les associ\u00e9s, dans le but g\u00e9n\u00e9ral de couvrir les pertes ou de d\u00e9gager des exc\u00e9dents de capital, ce qui peut \u00eatre fait par r\u00e9duction de la valeur nominale des participations, regroupement ou extinction des participations.","robots":{"index":"index","follow":"follow","max-snippet":"max-snippet:-1","max-image-preview":"max-image-preview:large","max-video-preview":"max-video-preview:-1"},"canonical":"https:\/\/cartoriolisboa.pt\/fr\/reduction-de-capital\/","og_locale":"fr_FR","og_type":"article","og_title":"R\u00e9duction de capital | Jo\u00e3o Maia Rodrigues","og_description":"Changement des statuts de la soci\u00e9t\u00e9, d\u00e9cid\u00e9 par les associ\u00e9s, dans le but g\u00e9n\u00e9ral de couvrir les pertes ou de d\u00e9gager des exc\u00e9dents de capital, ce qui peut \u00eatre fait par r\u00e9duction de la valeur nominale des participations, regroupement ou extinction des participations.","og_url":"https:\/\/cartoriolisboa.pt\/fr\/reduction-de-capital\/","og_site_name":"Jo\u00e3o Maia Rodrigues","article_publisher":"https:\/\/www.facebook.com\/diovana.barbieri","article_modified_time":"2025-04-02T11:03:18+00:00","twitter_card":"summary_large_image","twitter_misc":{"Dur\u00e9e de lecture estim\u00e9e":"1 minute"},"schema":{"@context":"https:\/\/schema.org","@graph":[{"@type":"WebPage","@id":"https:\/\/cartoriolisboa.pt\/fr\/reduction-de-capital\/","url":"https:\/\/cartoriolisboa.pt\/fr\/reduction-de-capital\/","name":"R\u00e9duction de capital | Jo\u00e3o Maia Rodrigues","isPartOf":{"@id":"https:\/\/cartoriolisboa.pt\/fr\/#website"},"datePublished":"2020-10-26T17:37:25+00:00","dateModified":"2025-04-02T11:03:18+00:00","description":"Changement des statuts de la soci\u00e9t\u00e9, d\u00e9cid\u00e9 par les associ\u00e9s, dans le but g\u00e9n\u00e9ral de couvrir les pertes ou de d\u00e9gager des exc\u00e9dents de capital, ce qui peut \u00eatre fait par r\u00e9duction de la valeur nominale des participations, regroupement ou extinction des participations.","breadcrumb":{"@id":"https:\/\/cartoriolisboa.pt\/fr\/reduction-de-capital\/#breadcrumb"},"inLanguage":"fr-FR","potentialAction":[{"@type":"ReadAction","target":["https:\/\/cartoriolisboa.pt\/fr\/reduction-de-capital\/"]}]},{"@type":"BreadcrumbList","@id":"https:\/\/cartoriolisboa.pt\/fr\/reduction-de-capital\/#breadcrumb","itemListElement":[{"@type":"ListItem","position":1,"name":"In\u00edcio","item":"https:\/\/cartoriolisboa.pt\/fr\/home\/"},{"@type":"ListItem","position":2,"name":"R\u00e9duction de capital"}]},{"@type":"WebSite","@id":"https:\/\/cartoriolisboa.pt\/fr\/#website","url":"https:\/\/cartoriolisboa.pt\/fr\/","name":"Diovana Barbieri","description":"Cart\u00f3rio Notarial","publisher":{"@id":"https:\/\/cartoriolisboa.pt\/fr\/#organization"},"potentialAction":[{"@type":"SearchAction","target":{"@type":"EntryPoint","urlTemplate":"https:\/\/cartoriolisboa.pt\/fr\/?s={search_term_string}"},"query-input":{"@type":"PropertyValueSpecification","valueRequired":true,"valueName":"search_term_string"}}],"inLanguage":"fr-FR"},{"@type":"Organization","@id":"https:\/\/cartoriolisboa.pt\/fr\/#organization","name":"Diovana Barbieri","url":"https:\/\/cartoriolisboa.pt\/fr\/","logo":{"@type":"ImageObject","inLanguage":"fr-FR","@id":"https:\/\/cartoriolisboa.pt\/fr\/#\/schema\/logo\/image\/","url":"","contentUrl":"","caption":"Diovana Barbieri"},"image":{"@id":"https:\/\/cartoriolisboa.pt\/fr\/#\/schema\/logo\/image\/"},"sameAs":["https:\/\/www.facebook.com\/diovana.barbieri","https:\/\/pt.linkedin.com\/in\/diovana-barbieri-95741717"]}]}},"_links":{"self":[{"href":"https:\/\/cartoriolisboa.pt\/fr\/wp-json\/wp\/v2\/pages\/3486","targetHints":{"allow":["GET"]}}],"collection":[{"href":"https:\/\/cartoriolisboa.pt\/fr\/wp-json\/wp\/v2\/pages"}],"about":[{"href":"https:\/\/cartoriolisboa.pt\/fr\/wp-json\/wp\/v2\/types\/page"}],"author":[{"embeddable":true,"href":"https:\/\/cartoriolisboa.pt\/fr\/wp-json\/wp\/v2\/users\/1"}],"replies":[{"embeddable":true,"href":"https:\/\/cartoriolisboa.pt\/fr\/wp-json\/wp\/v2\/comments?post=3486"}],"version-history":[{"count":2,"href":"https:\/\/cartoriolisboa.pt\/fr\/wp-json\/wp\/v2\/pages\/3486\/revisions"}],"predecessor-version":[{"id":3491,"href":"https:\/\/cartoriolisboa.pt\/fr\/wp-json\/wp\/v2\/pages\/3486\/revisions\/3491"}],"wp:attachment":[{"href":"https:\/\/cartoriolisboa.pt\/fr\/wp-json\/wp\/v2\/media?parent=3486"}],"curies":[{"name":"wp","href":"https:\/\/api.w.org\/{rel}","templated":true}]}}

Réduction de capital

<style type="text/css" data-created_by="avia_inline_auto" id="style-css-av-k8ruodqu-d1fd6cf499fad59bc3c2848a2fd49f00">
.avia-section.av-k8ruodqu-d1fd6cf499fad59bc3c2848a2fd49f00{
background-repeat:no-repeat;
background-image:url(https://cartoriolisboa.pt/wp-content/uploads/Reducao-capital.jpg);
background-position:50% 50%;
background-attachment:scroll;
}
.avia-section.av-k8ruodqu-d1fd6cf499fad59bc3c2848a2fd49f00 .av-section-color-overlay{
opacity:0.6;
background-color:#000000;
}
</style>
<div id='av_section_1'  class='avia-section av-k8ruodqu-d1fd6cf499fad59bc3c2848a2fd49f00 main_color avia-section-default avia-no-border-styling  avia-builder-el-0  el_before_av_section  avia-builder-el-first  avia-full-stretch avia-bg-style-scroll av-section-color-overlay-active av-minimum-height av-minimum-height-50 av-height-50  container_wrap fullsize'  data-section-bg-repeat='stretch' data-av_minimum_height_pc='50' data-av_min_height_opt='50'><div class="av-section-color-overlay-wrap"><div class="av-section-color-overlay"></div><div class='container av-section-cont-open' ><main  role="main" itemprop="mainContentOfPage"  class='template-page content  av-content-full alpha units'><div class='post-entry post-entry-type-page post-entry-3486'><div class='entry-content-wrapper clearfix'>

<style type="text/css" data-created_by="avia_inline_auto" id="style-css-av-9y58g-4295478a3b574252eb8591318fd7ac57">
#top .av-special-heading.av-9y58g-4295478a3b574252eb8591318fd7ac57{
margin:25px 0 0 0;
padding-bottom:0;
color:#ffffff;
font-size:55px;
}
body .av-special-heading.av-9y58g-4295478a3b574252eb8591318fd7ac57 .av-special-heading-tag .heading-char{
font-size:25px;
}
#top #wrap_all .av-special-heading.av-9y58g-4295478a3b574252eb8591318fd7ac57 .av-special-heading-tag{
font-size:55px;
}
.av-special-heading.av-9y58g-4295478a3b574252eb8591318fd7ac57 .special-heading-inner-border{
border-color:#ffffff;
}
.av-special-heading.av-9y58g-4295478a3b574252eb8591318fd7ac57 .av-subheading{
font-size:15px;
}

@media only screen and (min-width: 480px) and (max-width: 767px){ 
#top #wrap_all .av-special-heading.av-9y58g-4295478a3b574252eb8591318fd7ac57 .av-special-heading-tag{
font-size:0.8em;
}
}

@media only screen and (max-width: 479px){ 
#top #wrap_all .av-special-heading.av-9y58g-4295478a3b574252eb8591318fd7ac57 .av-special-heading-tag{
font-size:0.8em;
}
}
</style>
<div  class='av-special-heading av-9y58g-4295478a3b574252eb8591318fd7ac57 av-special-heading-h1 custom-color-heading blockquote modern-quote modern-centered  avia-builder-el-1  avia-builder-el-no-sibling  av-inherit-size av-linked-heading'><h1 class='av-special-heading-tag '  itemprop="headline"  >Réduction de capital</h1><div class="special-heading-border"><div class="special-heading-inner-border"></div></div></div>
</div></div></main><!-- close content main element --></div></div></div><div id='av_section_2'  class='avia-section av-10d9s-f6565325238af4a09c5b7410547e13b2 main_color avia-section-default avia-no-border-styling  avia-builder-el-2  el_after_av_section  avia-builder-el-last  avia-bg-style-scroll container_wrap fullsize'  ><div class='container av-section-cont-open' ><div class='template-page content  av-content-full alpha units'><div class='post-entry post-entry-type-page post-entry-3486'><div class='entry-content-wrapper clearfix'>
<section  class='av_textblock_section av-k8rujvj4-605bbaf9ebba3e483b26959086d4676f '   itemscope="itemscope" itemtype="https://schema.org/CreativeWork" ><div class='avia_textblock'  itemprop="text" ><p style="text-align: center;">Changement des statuts de la société, décidé par les associés, dans le but général de couvrir les pertes ou de dégager des excédents de capital, ce qui peut être fait par réduction de la valeur nominale des participations, regroupement ou extinction des participations.</p>
<p style="text-align: center;">L’Étude Notariale João Maia Rodrigues et Diovana Barbieri est prête à vous aider lors de cette démarche.</p>
</div></section>
</p>

<!-- This site is optimized with the Yoast SEO plugin v27.4 - https://yoast.com/product/yoast-seo-wordpress/ -->
<title>Réduction de capital | João Maia Rodrigues</title>
<meta name="description" content="Changement des statuts de la société, décidé par les associés, dans le but général de couvrir les pertes ou de dégager des excédents de capital, ce qui peut être fait par réduction de la valeur nominale des participations, regroupement ou extinction des participations." />
<meta name="robots" content="index, follow, max-snippet:-1, max-image-preview:large, max-video-preview:-1" />
<link rel="canonical" href="https://cartoriolisboa.pt/fr/reduction-de-capital/" />
<meta property="og:locale" content="fr_FR" />
<meta property="og:type" content="article" />
<meta property="og:title" content="Réduction de capital | João Maia Rodrigues" />
<meta property="og:description" content="Changement des statuts de la société, décidé par les associés, dans le but général de couvrir les pertes ou de dégager des excédents de capital, ce qui peut être fait par réduction de la valeur nominale des participations, regroupement ou extinction des participations." />
<meta property="og:url" content="https://cartoriolisboa.pt/fr/reduction-de-capital/" />
<meta property="og:site_name" content="João Maia Rodrigues" />
<meta property="article:publisher" content="https://www.facebook.com/diovana.barbieri" />
<meta property="article:modified_time" content="2025-04-02T11:03:18+00:00" />
<meta name="twitter:card" content="summary_large_image" />
<meta name="twitter:label1" content="Durée de lecture estimée" />
	<meta name="twitter:data1" content="1 minute" />
<script type="application/ld+json" class="yoast-schema-graph">{"@context":"https:\/\/schema.org","@graph":[{"@type":"WebPage","@id":"https:\/\/cartoriolisboa.pt\/fr\/reduction-de-capital\/","url":"https:\/\/cartoriolisboa.pt\/fr\/reduction-de-capital\/","name":"Réduction de capital | João Maia Rodrigues","isPartOf":{"@id":"https:\/\/cartoriolisboa.pt\/fr\/#website"},"datePublished":"2020-10-26T17:37:25+00:00","dateModified":"2025-04-02T11:03:18+00:00","description":"Changement des statuts de la société, décidé par les associés, dans le but général de couvrir les pertes ou de dégager des excédents de capital, ce qui peut être fait par réduction de la valeur nominale des participations, regroupement ou extinction des participations.","breadcrumb":{"@id":"https:\/\/cartoriolisboa.pt\/fr\/reduction-de-capital\/#breadcrumb"},"inLanguage":"fr-FR","potentialAction":[{"@type":"ReadAction","target":["https:\/\/cartoriolisboa.pt\/fr\/reduction-de-capital\/"]}]},{"@type":"BreadcrumbList","@id":"https:\/\/cartoriolisboa.pt\/fr\/reduction-de-capital\/#breadcrumb","itemListElement":[{"@type":"ListItem","position":1,"name":"Início","item":"https:\/\/cartoriolisboa.pt\/fr\/home\/"},{"@type":"ListItem","position":2,"name":"Réduction de capital"}]},{"@type":"WebSite","@id":"https:\/\/cartoriolisboa.pt\/fr\/#website","url":"https:\/\/cartoriolisboa.pt\/fr\/","name":"Diovana Barbieri","description":"Cartório Notarial","publisher":{"@id":"https:\/\/cartoriolisboa.pt\/fr\/#organization"},"potentialAction":[{"@type":"SearchAction","target":{"@type":"EntryPoint","urlTemplate":"https:\/\/cartoriolisboa.pt\/fr\/?s={search_term_string}"},"query-input":{"@type":"PropertyValueSpecification","valueRequired":true,"valueName":"search_term_string"}}],"inLanguage":"fr-FR"},{"@type":"Organization","@id":"https:\/\/cartoriolisboa.pt\/fr\/#organization","name":"Diovana Barbieri","url":"https:\/\/cartoriolisboa.pt\/fr\/","logo":{"@type":"ImageObject","inLanguage":"fr-FR","@id":"https:\/\/cartoriolisboa.pt\/fr\/#\/schema\/logo\/image\/","url":"","contentUrl":"","caption":"Diovana Barbieri"},"image":{"@id":"https:\/\/cartoriolisboa.pt\/fr\/#\/schema\/logo\/image\/"},"sameAs":["https:\/\/www.facebook.com\/diovana.barbieri","https:\/\/pt.linkedin.com\/in\/diovana-barbieri-95741717"]}]}</script>
<!-- / Yoast SEO plugin. -->

Réduction de capital | João Maia Rodrigues

Changement des statuts de la société, décidé par les associés, dans le but général de couvrir les pertes ou de dégager des excédents de capital, ce qui peut être fait par réduction de la valeur nominale des participations, regroupement ou extinction des participations.

João Maia Rodrigues

Início

Cartório Notarial
