{"id":3748,"date":"2020-11-04T17:19:47","date_gmt":"2020-11-04T17:19:47","guid":{"rendered":"https:\/\/cartoriolisboa.pt\/averbamentos\/"},"modified":"2025-04-02T15:47:43","modified_gmt":"2025-04-02T15:47:43","slug":"mentions-marginales","status":"publish","type":"page","link":"https:\/\/cartoriolisboa.pt\/fr\/mentions-marginales\/","title":{"rendered":"Mentions marginales"},"content":{"rendered":"\n<style type=\"text\/css\" data-created_by=\"avia_inline_auto\" id=\"style-css-av-k8ruodqu-dc97c85c2948c93fece62cd364a9f6d7\">\n.avia-section.av-k8ruodqu-dc97c85c2948c93fece62cd364a9f6d7{\nbackground-repeat:no-repeat;\nbackground-image:url(https:\/\/cartoriolisboa.pt\/wp-content\/uploads\/Averbamentos.jpg);\nbackground-position:50% 50%;\nbackground-attachment:scroll;\n}\n.avia-section.av-k8ruodqu-dc97c85c2948c93fece62cd364a9f6d7 .av-section-color-overlay{\nopacity:0.6;\nbackground-color:#000000;\n}\n<\/style>\n<div id='av_section_1'  class='avia-section av-k8ruodqu-dc97c85c2948c93fece62cd364a9f6d7 main_color avia-section-default avia-no-border-styling  avia-builder-el-0  el_before_av_textblock  avia-builder-el-first  avia-full-stretch avia-bg-style-scroll av-section-color-overlay-active av-minimum-height av-minimum-height-50 av-height-50  container_wrap fullsize'  data-section-bg-repeat='stretch' data-av_minimum_height_pc='50' data-av_min_height_opt='50'><div class=\"av-section-color-overlay-wrap\"><div class=\"av-section-color-overlay\"><\/div><div class='container av-section-cont-open' ><main  role=\"main\" itemprop=\"mainContentOfPage\"  class='template-page content  av-content-full alpha units'><div class='post-entry post-entry-type-page post-entry-3748'><div class='entry-content-wrapper clearfix'>\n\n<style type=\"text\/css\" data-created_by=\"avia_inline_auto\" id=\"style-css-av-8cint-2fc49ea98671d4fe9aa2b66d6727b1c8\">\n#top .av-special-heading.av-8cint-2fc49ea98671d4fe9aa2b66d6727b1c8{\nmargin:25px 0 0 0;\npadding-bottom:0;\ncolor:#ffffff;\nfont-size:55px;\n}\nbody .av-special-heading.av-8cint-2fc49ea98671d4fe9aa2b66d6727b1c8 .av-special-heading-tag .heading-char{\nfont-size:25px;\n}\n#top #wrap_all .av-special-heading.av-8cint-2fc49ea98671d4fe9aa2b66d6727b1c8 .av-special-heading-tag{\nfont-size:55px;\n}\n.av-special-heading.av-8cint-2fc49ea98671d4fe9aa2b66d6727b1c8 .special-heading-inner-border{\nborder-color:#ffffff;\n}\n.av-special-heading.av-8cint-2fc49ea98671d4fe9aa2b66d6727b1c8 .av-subheading{\nfont-size:15px;\n}\n\n@media only screen and (min-width: 480px) and (max-width: 767px){ \n#top #wrap_all .av-special-heading.av-8cint-2fc49ea98671d4fe9aa2b66d6727b1c8 .av-special-heading-tag{\nfont-size:0.8em;\n}\n}\n\n@media only screen and (max-width: 479px){ \n#top #wrap_all .av-special-heading.av-8cint-2fc49ea98671d4fe9aa2b66d6727b1c8 .av-special-heading-tag{\nfont-size:0.8em;\n}\n}\n<\/style>\n<div  class='av-special-heading av-8cint-2fc49ea98671d4fe9aa2b66d6727b1c8 av-special-heading-h1 custom-color-heading blockquote modern-quote modern-centered  avia-builder-el-1  avia-builder-el-no-sibling  av-inherit-size av-linked-heading'><h1 class='av-special-heading-tag '  itemprop=\"headline\"  >Mentions marginales<\/h1><div class=\"special-heading-border\"><div class=\"special-heading-inner-border\"><\/div><\/div><\/div>\n<\/div><\/div><\/main><!-- close content main element --><\/div><\/div><\/div><div id='after_section_1'  class='main_color av_default_container_wrap container_wrap fullsize'  ><div class='container av-section-cont-open' ><div class='template-page content  av-content-full alpha units'><div class='post-entry post-entry-type-page post-entry-3748'><div class='entry-content-wrapper clearfix'>\n<style type=\"text\/css\" data-created_by=\"avia_inline_auto\" id=\"style-css-av-k8rujvj4-c88761f30072c9150bd45ff64be368ba\">\n#top .av_textblock_section.av-k8rujvj4-c88761f30072c9150bd45ff64be368ba .avia_textblock{\ncolor:#0a0a0a;\n}\n<\/style>\n<section  class='av_textblock_section av-k8rujvj4-c88761f30072c9150bd45ff64be368ba '   itemscope=\"itemscope\" itemtype=\"https:\/\/schema.org\/CreativeWork\" ><div class='avia_textblock av_inherit_color'  itemprop=\"text\" ><p style=\"text-align: center;\">1 &#8211; Les mentions suivantes sont port\u00e9es en marge de l\u2019acte auquel elles se rapportent\u00a0:<\/p>\n<p style=\"text-align: center;\">a) Le d\u00e9c\u00e8s du testateur et du donateur\u00a0;<\/p>\n<p style=\"text-align: center;\">b) Les actes de r\u00e9vocation et de renonciation \u00e0 une procuration\u00a0;<\/p>\n<p style=\"text-align: center;\">c) Les communications et publications pr\u00e9vues aux articles 87, 100 et 101\u00a0;<\/p>\n<p style=\"text-align: center;\">d) Les d\u00e9cisions judiciaires de d\u00e9claration de nullit\u00e9 et d\u2019annulation d\u2019actes notari\u00e9s, les d\u00e9cisions notariales de revalidation des m\u00eames actes et les d\u00e9cisions judiciaires rendues dans le cadre des actions vis\u00e9es aux articles 87 et 101, ainsi que la mention de la r\u00e9paration d\u2019un \u00e9ventuel d\u00e9faut de l\u2019acte\u00a0;<\/p>\n<p style=\"text-align: center;\">e) Les d\u00e9cisions des recours form\u00e9s dans les proc\u00e9dures de revalidation notariale\u00a0;<\/p>\n<p style=\"text-align: center;\">f) La restitution des testaments d\u00e9pos\u00e9s\u00a0;<\/p>\n<p style=\"text-align: center;\">g) Les actes notari\u00e9s impliquant l\u2019acceptation, la ratification, la rectification, l\u2019avenant ou la r\u00e9vocation d\u2019un acte ant\u00e9rieur.<\/p>\n<\/div><\/section><\/p>\n","protected":false},"excerpt":{"rendered":"","protected":false},"author":1,"featured_media":0,"parent":0,"menu_order":0,"comment_status":"closed","ping_status":"closed","template":"","meta":{"footnotes":""},"class_list":["post-3748","page","type-page","status-publish","hentry"],"yoast_head":"<!-- This site is optimized with the Yoast SEO plugin v27.4 - https:\/\/yoast.com\/product\/yoast-seo-wordpress\/ -->\n<title>Mentions marginales | Jo\u00e3o Maia Rodrigues<\/title>\n<meta name=\"description\" content=\"AverbamentosMentions marginales\" \/>\n<meta name=\"robots\" content=\"index, follow, max-snippet:-1, max-image-preview:large, max-video-preview:-1\" \/>\n<link rel=\"canonical\" href=\"https:\/\/cartoriolisboa.pt\/fr\/mentions-marginales\/\" \/>\n<meta property=\"og:locale\" content=\"fr_FR\" \/>\n<meta property=\"og:type\" content=\"article\" \/>\n<meta property=\"og:title\" content=\"Mentions marginales | Jo\u00e3o Maia Rodrigues\" \/>\n<meta property=\"og:description\" content=\"AverbamentosMentions marginales\" \/>\n<meta property=\"og:url\" content=\"https:\/\/cartoriolisboa.pt\/fr\/mentions-marginales\/\" \/>\n<meta property=\"og:site_name\" content=\"Jo\u00e3o Maia Rodrigues\" \/>\n<meta property=\"article:publisher\" content=\"https:\/\/www.facebook.com\/diovana.barbieri\" \/>\n<meta property=\"article:modified_time\" content=\"2025-04-02T15:47:43+00:00\" \/>\n<meta name=\"twitter:card\" content=\"summary_large_image\" \/>\n<meta name=\"twitter:label1\" content=\"Dur\u00e9e de lecture estim\u00e9e\" \/>\n\t<meta name=\"twitter:data1\" content=\"1 minute\" \/>\n<script type=\"application\/ld+json\" class=\"yoast-schema-graph\">{\"@context\":\"https:\\\/\\\/schema.org\",\"@graph\":[{\"@type\":\"WebPage\",\"@id\":\"https:\\\/\\\/cartoriolisboa.pt\\\/fr\\\/mentions-marginales\\\/\",\"url\":\"https:\\\/\\\/cartoriolisboa.pt\\\/fr\\\/mentions-marginales\\\/\",\"name\":\"Mentions marginales | Jo\u00e3o Maia Rodrigues\",\"isPartOf\":{\"@id\":\"https:\\\/\\\/cartoriolisboa.pt\\\/fr\\\/#website\"},\"datePublished\":\"2020-11-04T17:19:47+00:00\",\"dateModified\":\"2025-04-02T15:47:43+00:00\",\"description\":\"AverbamentosMentions marginales\",\"breadcrumb\":{\"@id\":\"https:\\\/\\\/cartoriolisboa.pt\\\/fr\\\/mentions-marginales\\\/#breadcrumb\"},\"inLanguage\":\"fr-FR\",\"potentialAction\":[{\"@type\":\"ReadAction\",\"target\":[\"https:\\\/\\\/cartoriolisboa.pt\\\/fr\\\/mentions-marginales\\\/\"]}]},{\"@type\":\"BreadcrumbList\",\"@id\":\"https:\\\/\\\/cartoriolisboa.pt\\\/fr\\\/mentions-marginales\\\/#breadcrumb\",\"itemListElement\":[{\"@type\":\"ListItem\",\"position\":1,\"name\":\"In\u00edcio\",\"item\":\"https:\\\/\\\/cartoriolisboa.pt\\\/fr\\\/home\\\/\"},{\"@type\":\"ListItem\",\"position\":2,\"name\":\"Mentions marginales\"}]},{\"@type\":\"WebSite\",\"@id\":\"https:\\\/\\\/cartoriolisboa.pt\\\/fr\\\/#website\",\"url\":\"https:\\\/\\\/cartoriolisboa.pt\\\/fr\\\/\",\"name\":\"Diovana Barbieri\",\"description\":\"Cart\u00f3rio Notarial\",\"publisher\":{\"@id\":\"https:\\\/\\\/cartoriolisboa.pt\\\/fr\\\/#organization\"},\"potentialAction\":[{\"@type\":\"SearchAction\",\"target\":{\"@type\":\"EntryPoint\",\"urlTemplate\":\"https:\\\/\\\/cartoriolisboa.pt\\\/fr\\\/?s={search_term_string}\"},\"query-input\":{\"@type\":\"PropertyValueSpecification\",\"valueRequired\":true,\"valueName\":\"search_term_string\"}}],\"inLanguage\":\"fr-FR\"},{\"@type\":\"Organization\",\"@id\":\"https:\\\/\\\/cartoriolisboa.pt\\\/fr\\\/#organization\",\"name\":\"Diovana Barbieri\",\"url\":\"https:\\\/\\\/cartoriolisboa.pt\\\/fr\\\/\",\"logo\":{\"@type\":\"ImageObject\",\"inLanguage\":\"fr-FR\",\"@id\":\"https:\\\/\\\/cartoriolisboa.pt\\\/fr\\\/#\\\/schema\\\/logo\\\/image\\\/\",\"url\":\"\",\"contentUrl\":\"\",\"caption\":\"Diovana Barbieri\"},\"image\":{\"@id\":\"https:\\\/\\\/cartoriolisboa.pt\\\/fr\\\/#\\\/schema\\\/logo\\\/image\\\/\"},\"sameAs\":[\"https:\\\/\\\/www.facebook.com\\\/diovana.barbieri\",\"https:\\\/\\\/pt.linkedin.com\\\/in\\\/diovana-barbieri-95741717\"]}]}<\/script>\n<!-- \/ Yoast SEO plugin. -->","yoast_head_json":{"title":"Mentions marginales | Jo\u00e3o Maia Rodrigues","description":"AverbamentosMentions marginales","robots":{"index":"index","follow":"follow","max-snippet":"max-snippet:-1","max-image-preview":"max-image-preview:large","max-video-preview":"max-video-preview:-1"},"canonical":"https:\/\/cartoriolisboa.pt\/fr\/mentions-marginales\/","og_locale":"fr_FR","og_type":"article","og_title":"Mentions marginales | Jo\u00e3o Maia Rodrigues","og_description":"AverbamentosMentions marginales","og_url":"https:\/\/cartoriolisboa.pt\/fr\/mentions-marginales\/","og_site_name":"Jo\u00e3o Maia Rodrigues","article_publisher":"https:\/\/www.facebook.com\/diovana.barbieri","article_modified_time":"2025-04-02T15:47:43+00:00","twitter_card":"summary_large_image","twitter_misc":{"Dur\u00e9e de lecture estim\u00e9e":"1 minute"},"schema":{"@context":"https:\/\/schema.org","@graph":[{"@type":"WebPage","@id":"https:\/\/cartoriolisboa.pt\/fr\/mentions-marginales\/","url":"https:\/\/cartoriolisboa.pt\/fr\/mentions-marginales\/","name":"Mentions marginales | Jo\u00e3o Maia Rodrigues","isPartOf":{"@id":"https:\/\/cartoriolisboa.pt\/fr\/#website"},"datePublished":"2020-11-04T17:19:47+00:00","dateModified":"2025-04-02T15:47:43+00:00","description":"AverbamentosMentions marginales","breadcrumb":{"@id":"https:\/\/cartoriolisboa.pt\/fr\/mentions-marginales\/#breadcrumb"},"inLanguage":"fr-FR","potentialAction":[{"@type":"ReadAction","target":["https:\/\/cartoriolisboa.pt\/fr\/mentions-marginales\/"]}]},{"@type":"BreadcrumbList","@id":"https:\/\/cartoriolisboa.pt\/fr\/mentions-marginales\/#breadcrumb","itemListElement":[{"@type":"ListItem","position":1,"name":"In\u00edcio","item":"https:\/\/cartoriolisboa.pt\/fr\/home\/"},{"@type":"ListItem","position":2,"name":"Mentions marginales"}]},{"@type":"WebSite","@id":"https:\/\/cartoriolisboa.pt\/fr\/#website","url":"https:\/\/cartoriolisboa.pt\/fr\/","name":"Diovana Barbieri","description":"Cart\u00f3rio Notarial","publisher":{"@id":"https:\/\/cartoriolisboa.pt\/fr\/#organization"},"potentialAction":[{"@type":"SearchAction","target":{"@type":"EntryPoint","urlTemplate":"https:\/\/cartoriolisboa.pt\/fr\/?s={search_term_string}"},"query-input":{"@type":"PropertyValueSpecification","valueRequired":true,"valueName":"search_term_string"}}],"inLanguage":"fr-FR"},{"@type":"Organization","@id":"https:\/\/cartoriolisboa.pt\/fr\/#organization","name":"Diovana Barbieri","url":"https:\/\/cartoriolisboa.pt\/fr\/","logo":{"@type":"ImageObject","inLanguage":"fr-FR","@id":"https:\/\/cartoriolisboa.pt\/fr\/#\/schema\/logo\/image\/","url":"","contentUrl":"","caption":"Diovana Barbieri"},"image":{"@id":"https:\/\/cartoriolisboa.pt\/fr\/#\/schema\/logo\/image\/"},"sameAs":["https:\/\/www.facebook.com\/diovana.barbieri","https:\/\/pt.linkedin.com\/in\/diovana-barbieri-95741717"]}]}},"_links":{"self":[{"href":"https:\/\/cartoriolisboa.pt\/fr\/wp-json\/wp\/v2\/pages\/3748","targetHints":{"allow":["GET"]}}],"collection":[{"href":"https:\/\/cartoriolisboa.pt\/fr\/wp-json\/wp\/v2\/pages"}],"about":[{"href":"https:\/\/cartoriolisboa.pt\/fr\/wp-json\/wp\/v2\/types\/page"}],"author":[{"embeddable":true,"href":"https:\/\/cartoriolisboa.pt\/fr\/wp-json\/wp\/v2\/users\/1"}],"replies":[{"embeddable":true,"href":"https:\/\/cartoriolisboa.pt\/fr\/wp-json\/wp\/v2\/comments?post=3748"}],"version-history":[{"count":2,"href":"https:\/\/cartoriolisboa.pt\/fr\/wp-json\/wp\/v2\/pages\/3748\/revisions"}],"predecessor-version":[{"id":3753,"href":"https:\/\/cartoriolisboa.pt\/fr\/wp-json\/wp\/v2\/pages\/3748\/revisions\/3753"}],"wp:attachment":[{"href":"https:\/\/cartoriolisboa.pt\/fr\/wp-json\/wp\/v2\/media?parent=3748"}],"curies":[{"name":"wp","href":"https:\/\/api.w.org\/{rel}","templated":true}]}}

<style type="text/css" data-created_by="avia_inline_auto" id="style-css-av-k8ruodqu-dc97c85c2948c93fece62cd364a9f6d7">
.avia-section.av-k8ruodqu-dc97c85c2948c93fece62cd364a9f6d7{
background-repeat:no-repeat;
background-image:url(https://cartoriolisboa.pt/wp-content/uploads/Averbamentos.jpg);
background-position:50% 50%;
background-attachment:scroll;
}
.avia-section.av-k8ruodqu-dc97c85c2948c93fece62cd364a9f6d7 .av-section-color-overlay{
opacity:0.6;
background-color:#000000;
}
</style>
<div id='av_section_1'  class='avia-section av-k8ruodqu-dc97c85c2948c93fece62cd364a9f6d7 main_color avia-section-default avia-no-border-styling  avia-builder-el-0  el_before_av_textblock  avia-builder-el-first  avia-full-stretch avia-bg-style-scroll av-section-color-overlay-active av-minimum-height av-minimum-height-50 av-height-50  container_wrap fullsize'  data-section-bg-repeat='stretch' data-av_minimum_height_pc='50' data-av_min_height_opt='50'><div class="av-section-color-overlay-wrap"><div class="av-section-color-overlay"></div><div class='container av-section-cont-open' ><main  role="main" itemprop="mainContentOfPage"  class='template-page content  av-content-full alpha units'><div class='post-entry post-entry-type-page post-entry-3748'><div class='entry-content-wrapper clearfix'>

<style type="text/css" data-created_by="avia_inline_auto" id="style-css-av-8cint-2fc49ea98671d4fe9aa2b66d6727b1c8">
#top .av-special-heading.av-8cint-2fc49ea98671d4fe9aa2b66d6727b1c8{
margin:25px 0 0 0;
padding-bottom:0;
color:#ffffff;
font-size:55px;
}
body .av-special-heading.av-8cint-2fc49ea98671d4fe9aa2b66d6727b1c8 .av-special-heading-tag .heading-char{
font-size:25px;
}
#top #wrap_all .av-special-heading.av-8cint-2fc49ea98671d4fe9aa2b66d6727b1c8 .av-special-heading-tag{
font-size:55px;
}
.av-special-heading.av-8cint-2fc49ea98671d4fe9aa2b66d6727b1c8 .special-heading-inner-border{
border-color:#ffffff;
}
.av-special-heading.av-8cint-2fc49ea98671d4fe9aa2b66d6727b1c8 .av-subheading{
font-size:15px;
}

@media only screen and (min-width: 480px) and (max-width: 767px){ 
#top #wrap_all .av-special-heading.av-8cint-2fc49ea98671d4fe9aa2b66d6727b1c8 .av-special-heading-tag{
font-size:0.8em;
}
}

@media only screen and (max-width: 479px){ 
#top #wrap_all .av-special-heading.av-8cint-2fc49ea98671d4fe9aa2b66d6727b1c8 .av-special-heading-tag{
font-size:0.8em;
}
}
</style>
<div  class='av-special-heading av-8cint-2fc49ea98671d4fe9aa2b66d6727b1c8 av-special-heading-h1 custom-color-heading blockquote modern-quote modern-centered  avia-builder-el-1  avia-builder-el-no-sibling  av-inherit-size av-linked-heading'><h1 class='av-special-heading-tag '  itemprop="headline"  >Mentions marginales</h1><div class="special-heading-border"><div class="special-heading-inner-border"></div></div></div>
</div></div></main><!-- close content main element --></div></div></div><div id='after_section_1'  class='main_color av_default_container_wrap container_wrap fullsize'  ><div class='container av-section-cont-open' ><div class='template-page content  av-content-full alpha units'><div class='post-entry post-entry-type-page post-entry-3748'><div class='entry-content-wrapper clearfix'>
<style type="text/css" data-created_by="avia_inline_auto" id="style-css-av-k8rujvj4-c88761f30072c9150bd45ff64be368ba">
#top .av_textblock_section.av-k8rujvj4-c88761f30072c9150bd45ff64be368ba .avia_textblock{
color:#0a0a0a;
}
</style>
<section  class='av_textblock_section av-k8rujvj4-c88761f30072c9150bd45ff64be368ba '   itemscope="itemscope" itemtype="https://schema.org/CreativeWork" ><div class='avia_textblock av_inherit_color'  itemprop="text" ><p style="text-align: center;">1 &#8211; Les mentions suivantes sont portées en marge de l’acte auquel elles se rapportent :</p>
<p style="text-align: center;">a) Le décès du testateur et du donateur ;</p>
<p style="text-align: center;">b) Les actes de révocation et de renonciation à une procuration ;</p>
<p style="text-align: center;">c) Les communications et publications prévues aux articles 87, 100 et 101 ;</p>
<p style="text-align: center;">d) Les décisions judiciaires de déclaration de nullité et d’annulation d’actes notariés, les décisions notariales de revalidation des mêmes actes et les décisions judiciaires rendues dans le cadre des actions visées aux articles 87 et 101, ainsi que la mention de la réparation d’un éventuel défaut de l’acte ;</p>
<p style="text-align: center;">e) Les décisions des recours formés dans les procédures de revalidation notariale ;</p>
<p style="text-align: center;">f) La restitution des testaments déposés ;</p>
<p style="text-align: center;">g) Les actes notariés impliquant l’acceptation, la ratification, la rectification, l’avenant ou la révocation d’un acte antérieur.</p>
</div></section></p>

<!-- This site is optimized with the Yoast SEO plugin v27.4 - https://yoast.com/product/yoast-seo-wordpress/ -->
<title>Mentions marginales | João Maia Rodrigues</title>
<meta name="description" content="AverbamentosMentions marginales" />
<meta name="robots" content="index, follow, max-snippet:-1, max-image-preview:large, max-video-preview:-1" />
<link rel="canonical" href="https://cartoriolisboa.pt/fr/mentions-marginales/" />
<meta property="og:locale" content="fr_FR" />
<meta property="og:type" content="article" />
<meta property="og:title" content="Mentions marginales | João Maia Rodrigues" />
<meta property="og:description" content="AverbamentosMentions marginales" />
<meta property="og:url" content="https://cartoriolisboa.pt/fr/mentions-marginales/" />
<meta property="og:site_name" content="João Maia Rodrigues" />
<meta property="article:publisher" content="https://www.facebook.com/diovana.barbieri" />
<meta property="article:modified_time" content="2025-04-02T15:47:43+00:00" />
<meta name="twitter:card" content="summary_large_image" />
<meta name="twitter:label1" content="Durée de lecture estimée" />
	<meta name="twitter:data1" content="1 minute" />
<script type="application/ld+json" class="yoast-schema-graph">{"@context":"https:\/\/schema.org","@graph":[{"@type":"WebPage","@id":"https:\/\/cartoriolisboa.pt\/fr\/mentions-marginales\/","url":"https:\/\/cartoriolisboa.pt\/fr\/mentions-marginales\/","name":"Mentions marginales | João Maia Rodrigues","isPartOf":{"@id":"https:\/\/cartoriolisboa.pt\/fr\/#website"},"datePublished":"2020-11-04T17:19:47+00:00","dateModified":"2025-04-02T15:47:43+00:00","description":"AverbamentosMentions marginales","breadcrumb":{"@id":"https:\/\/cartoriolisboa.pt\/fr\/mentions-marginales\/#breadcrumb"},"inLanguage":"fr-FR","potentialAction":[{"@type":"ReadAction","target":["https:\/\/cartoriolisboa.pt\/fr\/mentions-marginales\/"]}]},{"@type":"BreadcrumbList","@id":"https:\/\/cartoriolisboa.pt\/fr\/mentions-marginales\/#breadcrumb","itemListElement":[{"@type":"ListItem","position":1,"name":"Início","item":"https:\/\/cartoriolisboa.pt\/fr\/home\/"},{"@type":"ListItem","position":2,"name":"Mentions marginales"}]},{"@type":"WebSite","@id":"https:\/\/cartoriolisboa.pt\/fr\/#website","url":"https:\/\/cartoriolisboa.pt\/fr\/","name":"Diovana Barbieri","description":"Cartório Notarial","publisher":{"@id":"https:\/\/cartoriolisboa.pt\/fr\/#organization"},"potentialAction":[{"@type":"SearchAction","target":{"@type":"EntryPoint","urlTemplate":"https:\/\/cartoriolisboa.pt\/fr\/?s={search_term_string}"},"query-input":{"@type":"PropertyValueSpecification","valueRequired":true,"valueName":"search_term_string"}}],"inLanguage":"fr-FR"},{"@type":"Organization","@id":"https:\/\/cartoriolisboa.pt\/fr\/#organization","name":"Diovana Barbieri","url":"https:\/\/cartoriolisboa.pt\/fr\/","logo":{"@type":"ImageObject","inLanguage":"fr-FR","@id":"https:\/\/cartoriolisboa.pt\/fr\/#\/schema\/logo\/image\/","url":"","contentUrl":"","caption":"Diovana Barbieri"},"image":{"@id":"https:\/\/cartoriolisboa.pt\/fr\/#\/schema\/logo\/image\/"},"sameAs":["https:\/\/www.facebook.com\/diovana.barbieri","https:\/\/pt.linkedin.com\/in\/diovana-barbieri-95741717"]}]}</script>
<!-- / Yoast SEO plugin. -->

Mentions marginales | João Maia Rodrigues

João Maia Rodrigues

Início

Cartório Notarial
